{"id":71,"date":"2018-03-11T14:30:00","date_gmt":"2018-03-11T13:30:00","guid":{"rendered":"http:\/\/192.168.178.49\/?page_id=71"},"modified":"2018-11-17T13:29:07","modified_gmt":"2018-11-17T12:29:07","slug":"umgebung","status":"publish","type":"page","link":"https:\/\/ferienwohnung-berngau.de\/index.php\/umgebung\/","title":{"rendered":"Umgebung"},"content":{"rendered":"<p>In unmittelbarer Umgebung von Berngau befindet sich die Kreisstadt <strong>Neumarkt i.d.OPf.<\/strong> mit vielen Freizeitm\u00f6glichkeiten. Hier sind vor Allem die interessanten <strong>Museen<\/strong> zu erw\u00e4hnen:<\/p>\n<p><span style=\"color: #3366ff;\"><a style=\"color: #3366ff;\" href=\"http:\/\/www.museum-lothar-fischer.de\/\" target=\"_blank\" rel=\"noopener\">Museum Lothar Fischer<\/a><\/span><\/p>\n<p><span style=\"color: #3366ff;\"><a style=\"color: #3366ff;\" href=\"http:\/\/www.automuseum-maybach.de\/\" target=\"_blank\" rel=\"noopener\">Museum f\u00fcr historische Maybach-Fahrzeuge<\/a><\/span><\/p>\n<p><span style=\"color: #3366ff;\"><a style=\"color: #3366ff;\" href=\"http:\/\/www.hotel-wittmann.de\/13990-Metzgerei-Weisswurstmuseum.html\" target=\"_blank\" rel=\"noopener\">Bayerisches Metzgerei- und Wei\u00dfwurstmuseum<\/a><\/span><\/p>\n<p><a href=\"http:\/\/glossner.de\/neumarkter-brauereimuseum\/\" target=\"_blank\" rel=\"noopener\"><span style=\"color: #3366ff;\">Glossner Brauereimuseum<\/span><\/a><\/p>\n<p>Auch bietet die Umgebung viele attraktive <strong>Wander- und Fahrradwege<\/strong>.<\/p>\n<p><span style=\"color: #3366ff;\"><a style=\"color: #3366ff;\" href=\"http:\/\/www.zeugenbergrunde.de\/6012-Startseite.html\" target=\"_blank\" rel=\"noopener\">Qualit\u00e4tswanderweg \u201eDie Zeugenbergrunde\u201c<\/a><\/span><\/p>\n<p><span style=\"color: #3366ff;\"><a style=\"color: #3366ff;\" href=\"https:\/\/www.jurasteig.de\/de\/\" target=\"_blank\" rel=\"noopener\">Jurasteig<\/a><\/span><\/p>\n<p><a href=\"https:\/\/www.naturpark-altmuehltal.de\/altmuehltal-panoramaweg\/\" target=\"_blank\" rel=\"noopener\"><span style=\"color: #3366ff;\">Altm\u00fchltal Panoramaweg<\/span><\/a><\/p>\n<p>Burg Wolfstein<\/p>\n<p>Wallfahrtskirche Mariahilfberg<\/p>\n<p><span style=\"color: #3366ff;\"><a style=\"color: #3366ff;\" href=\"https:\/\/fuenf-fluesse-radweg.info\/de\/\" target=\"_blank\" rel=\"noopener\">F\u00fcnf-Fl\u00fcsse Radweg<\/a><\/span><\/p>\n<p><span style=\"color: #3366ff;\"><a style=\"color: #3366ff;\" href=\"http:\/\/bay-rad.de\/bfr\/rw\/rw_24.htm\" target=\"_blank\" rel=\"noopener\">Fr\u00e4nkische Seenlandradweg<\/a><\/span><\/p>\n<p><span style=\"color: #3366ff;\"><a style=\"color: #3366ff;\" href=\"http:\/\/bay-rad.de\/bfr\/rw\/rw_76.htm\" target=\"_blank\" rel=\"noopener\">Tour de Baroque<\/a><\/span><\/p>\n<p><a href=\"http:\/\/www.radtouren.net\/radtouren\/koenig-ludwig-weg.htm\" target=\"_blank\" rel=\"noopener\"><span style=\"color: #3366ff;\">K\u00f6nig-Ludwig-Radweg<\/span><\/a><\/p>\n<p>Erw\u00e4hnenswert sind auch die <strong>Gro\u00dfereignisse<\/strong>, die von der Ferienwohnung sehr gut zu erreichen sind:<\/p>\n<p><span style=\"color: #3366ff;\"><a style=\"color: #3366ff;\" href=\"http:\/\/www.challenge-roth.com\/\" target=\"_blank\" rel=\"noopener\">Challenge Roth (Triathlon)<\/a><\/span><\/p>\n<p><span style=\"color: #3366ff;\"><a style=\"color: #3366ff;\" href=\"https:\/\/www.nuernbergmesse.de\/de\" target=\"_blank\" rel=\"noopener\">Messezentrum N\u00fcrnberg<\/a><\/span><\/p>\n<p><a href=\"http:\/\/www.eventim.de\/max-morlock-stadion-nuernberg-tickets.html?affiliate=TUG&amp;doc=venuePage&amp;fun=venue&amp;action=overview&amp;venueGroupId=6948&amp;xtmc=max_morlock_stadion&amp;xtnp=1&amp;xtcr=8\" target=\"_blank\" rel=\"noopener\"><span style=\"color: #3366ff;\">Sportliche Gro\u00dfereignisse Max-Morlock-Stadion N\u00fcrnberg<\/span><\/a><\/p>\n","protected":false},"excerpt":{"rendered":"<p>In unmittelbarer Umgebung von Berngau befindet sich die Kreisstadt Neumarkt i.d.OPf. mit vielen Freizeitm\u00f6glichkeiten. Hier sind vor Allem die interessanten Museen zu erw\u00e4hnen: Museum Lothar Fischer Museum f\u00fcr historische Maybach-Fahrzeuge Bayerisches Metzgerei- und Wei\u00dfwurstmuseum Glossner Brauereimuseum Auch bietet die Umgebung viele attraktive Wander- und Fahrradwege. Qualit\u00e4tswanderweg \u201eDie Zeugenbergrunde\u201c Jurasteig Altm\u00fchltal Panoramaweg Burg Wolfstein Wallfahrtskirche Mariahilfberg &hellip; <\/p>\n<p class=\"link-more\"><a href=\"https:\/\/ferienwohnung-berngau.de\/index.php\/umgebung\/\" class=\"more-link\"><span class=\"screen-reader-text\">\u201eUmgebung\u201c<\/span> weiterlesen<\/a><\/p>\n","protected":false},"author":1,"featured_media":0,"parent":0,"menu_order":0,"comment_status":"closed","ping_status":"closed","template":"","meta":{"footnotes":""},"_links":{"self":[{"href":"https:\/\/ferienwohnung-berngau.de\/index.php\/wp-json\/wp\/v2\/pages\/71"}],"collection":[{"href":"https:\/\/ferienwohnung-berngau.de\/index.php\/wp-json\/wp\/v2\/pages"}],"about":[{"href":"https:\/\/ferienwohnung-berngau.de\/index.php\/wp-json\/wp\/v2\/types\/page"}],"author":[{"embeddable":true,"href":"https:\/\/ferienwohnung-berngau.de\/index.php\/wp-json\/wp\/v2\/users\/1"}],"replies":[{"embeddable":true,"href":"https:\/\/ferienwohnung-berngau.de\/index.php\/wp-json\/wp\/v2\/comments?post=71"}],"version-history":[{"count":0,"href":"https:\/\/ferienwohnung-berngau.de\/index.php\/wp-json\/wp\/v2\/pages\/71\/revisions"}],"wp:attachment":[{"href":"https:\/\/ferienwohnung-berngau.de\/index.php\/wp-json\/wp\/v2\/media?parent=71"}],"curies":[{"name":"wp","href":"https:\/\/api.w.org\/{rel}","templated":true}]}}