{"id":70,"date":"2018-03-11T14:30:00","date_gmt":"2018-03-11T13:30:00","guid":{"rendered":"http:\/\/192.168.178.49\/?page_id=70"},"modified":"2019-12-31T08:47:41","modified_gmt":"2019-12-31T07:47:41","slug":"zimmer","status":"publish","type":"page","link":"https:\/\/ferienwohnung-berngau.de\/index.php\/zimmer\/","title":{"rendered":"Zimmer"},"content":{"rendered":"<h2>Grundriss:<\/h2>\n<figure id=\"attachment_220\" aria-describedby=\"caption-attachment-220\" style=\"width: 1392px\" class=\"wp-caption alignnone\"><img decoding=\"async\" class=\"wp-image-220 size-full\" src=\"https:\/\/ferienwohnung-berngau.de\/wp-content\/uploads\/2018\/04\/grundriss-1.jpg\" alt=\"\" width=\"1392\" height=\"950\" srcset=\"https:\/\/ferienwohnung-berngau.de\/wp-content\/uploads\/2018\/04\/grundriss-1.jpg 1392w, https:\/\/ferienwohnung-berngau.de\/wp-content\/uploads\/2018\/04\/grundriss-1-300x205.jpg 300w, https:\/\/ferienwohnung-berngau.de\/wp-content\/uploads\/2018\/04\/grundriss-1-768x524.jpg 768w, https:\/\/ferienwohnung-berngau.de\/wp-content\/uploads\/2018\/04\/grundriss-1-1024x699.jpg 1024w\" sizes=\"(max-width: 767px) 89vw, (max-width: 1000px) 54vw, (max-width: 1071px) 543px, 580px\" \/><figcaption id=\"caption-attachment-220\" class=\"wp-caption-text\">Grundriss der Ferienwohnung<\/figcaption><\/figure>\n<h2>Schlafzimmer 1:<\/h2>\n<ul>\n<li>Bett 140x200cm<\/li>\n<li>Kleiderschrank<\/li>\n<li>Nachttisch<\/li>\n<li>Bettw\u00e4sche inkl.<\/li>\n<\/ul>\n<figure id=\"attachment_240\" aria-describedby=\"caption-attachment-240\" style=\"width: 1152px\" class=\"wp-caption alignleft\"><img decoding=\"async\" class=\"wp-image-240 size-full\" src=\"https:\/\/ferienwohnung-berngau.de\/wp-content\/uploads\/2018\/04\/K1024_DSC01790.jpg\" alt=\"\" width=\"1152\" height=\"768\" srcset=\"https:\/\/ferienwohnung-berngau.de\/wp-content\/uploads\/2018\/04\/K1024_DSC01790.jpg 1152w, https:\/\/ferienwohnung-berngau.de\/wp-content\/uploads\/2018\/04\/K1024_DSC01790-300x200.jpg 300w, https:\/\/ferienwohnung-berngau.de\/wp-content\/uploads\/2018\/04\/K1024_DSC01790-768x512.jpg 768w, https:\/\/ferienwohnung-berngau.de\/wp-content\/uploads\/2018\/04\/K1024_DSC01790-1024x683.jpg 1024w\" sizes=\"(max-width: 767px) 89vw, (max-width: 1000px) 54vw, (max-width: 1071px) 543px, 580px\" \/><figcaption id=\"caption-attachment-240\" class=\"wp-caption-text\">Bild von Schlafzimmer 1<\/figcaption><\/figure>\n<h2>Schlafzimmer 2:<\/h2>\n<ul>\n<li>Bett 180x200cm<\/li>\n<li>Bett 100x200cm<\/li>\n<li>Kleiderschrank<\/li>\n<li>Nachttische<\/li>\n<li>Bettw\u00e4sche inkl.<\/li>\n<li>Babybett bei Bedarf<\/li>\n<\/ul>\n<figure id=\"attachment_321\" aria-describedby=\"caption-attachment-321\" style=\"width: 620px\" class=\"wp-caption alignnone\"><img decoding=\"async\" class=\" wp-image-321\" src=\"https:\/\/ferienwohnung-berngau.de\/wp-content\/uploads\/2019\/09\/DSC08605_K-300x200.jpg\" alt=\"\" width=\"620\" height=\"414\" srcset=\"https:\/\/ferienwohnung-berngau.de\/wp-content\/uploads\/2019\/09\/DSC08605_K-300x200.jpg 300w, https:\/\/ferienwohnung-berngau.de\/wp-content\/uploads\/2019\/09\/DSC08605_K-768x512.jpg 768w, https:\/\/ferienwohnung-berngau.de\/wp-content\/uploads\/2019\/09\/DSC08605_K.jpg 1024w\" sizes=\"(max-width: 620px) 100vw, 620px\" \/><figcaption id=\"caption-attachment-321\" class=\"wp-caption-text\">Doppelbett in Schlafzimmer 2<\/figcaption><\/figure>\n<figure id=\"attachment_323\" aria-describedby=\"caption-attachment-323\" style=\"width: 345px\" class=\"wp-caption alignnone\"><img decoding=\"async\" class=\" wp-image-323\" src=\"https:\/\/ferienwohnung-berngau.de\/wp-content\/uploads\/2019\/09\/IMG_4603-225x300.jpg\" alt=\"\" width=\"345\" height=\"460\" srcset=\"https:\/\/ferienwohnung-berngau.de\/wp-content\/uploads\/2019\/09\/IMG_4603-225x300.jpg 225w, https:\/\/ferienwohnung-berngau.de\/wp-content\/uploads\/2019\/09\/IMG_4603.jpg 768w\" sizes=\"(max-width: 345px) 100vw, 345px\" \/><figcaption id=\"caption-attachment-323\" class=\"wp-caption-text\">Einzelbett in Schlafzimmer 2<\/figcaption><\/figure>\n<h2>Wohnbereich<\/h2>\n<ul>\n<li>SAT-TV<\/li>\n<li>Sofa, Sessel<\/li>\n<\/ul>\n<figure id=\"attachment_236\" aria-describedby=\"caption-attachment-236\" style=\"width: 1152px\" class=\"wp-caption alignnone\"><img decoding=\"async\" class=\"wp-image-236 size-full\" src=\"https:\/\/ferienwohnung-berngau.de\/wp-content\/uploads\/2018\/04\/K1024_DSC01832.jpg\" alt=\"\" width=\"1152\" height=\"768\" srcset=\"https:\/\/ferienwohnung-berngau.de\/wp-content\/uploads\/2018\/04\/K1024_DSC01832.jpg 1152w, https:\/\/ferienwohnung-berngau.de\/wp-content\/uploads\/2018\/04\/K1024_DSC01832-300x200.jpg 300w, https:\/\/ferienwohnung-berngau.de\/wp-content\/uploads\/2018\/04\/K1024_DSC01832-768x512.jpg 768w, https:\/\/ferienwohnung-berngau.de\/wp-content\/uploads\/2018\/04\/K1024_DSC01832-1024x683.jpg 1024w\" sizes=\"(max-width: 767px) 89vw, (max-width: 1000px) 54vw, (max-width: 1071px) 543px, 580px\" \/><figcaption id=\"caption-attachment-236\" class=\"wp-caption-text\">Wohnbereich mit Fernseher&#8230;<\/figcaption><\/figure>\n<figure id=\"attachment_245\" aria-describedby=\"caption-attachment-245\" style=\"width: 1152px\" class=\"wp-caption alignnone\"><img decoding=\"async\" class=\"wp-image-245 size-full\" src=\"https:\/\/ferienwohnung-berngau.de\/wp-content\/uploads\/2018\/04\/K1024_DSC01820.jpg\" alt=\"\" width=\"1152\" height=\"768\" srcset=\"https:\/\/ferienwohnung-berngau.de\/wp-content\/uploads\/2018\/04\/K1024_DSC01820.jpg 1152w, https:\/\/ferienwohnung-berngau.de\/wp-content\/uploads\/2018\/04\/K1024_DSC01820-300x200.jpg 300w, https:\/\/ferienwohnung-berngau.de\/wp-content\/uploads\/2018\/04\/K1024_DSC01820-768x512.jpg 768w, https:\/\/ferienwohnung-berngau.de\/wp-content\/uploads\/2018\/04\/K1024_DSC01820-1024x683.jpg 1024w\" sizes=\"(max-width: 767px) 89vw, (max-width: 1000px) 54vw, (max-width: 1071px) 543px, 580px\" \/><figcaption id=\"caption-attachment-245\" class=\"wp-caption-text\">&#8230; und mit Sofa und zwei Sesseln.<\/figcaption><\/figure>\n<figure id=\"attachment_244\" aria-describedby=\"caption-attachment-244\" style=\"width: 1152px\" class=\"wp-caption alignnone\"><img decoding=\"async\" class=\"wp-image-244 size-full\" src=\"https:\/\/ferienwohnung-berngau.de\/wp-content\/uploads\/2018\/04\/K1024_DSC01819.jpg\" alt=\"\" width=\"1152\" height=\"768\" srcset=\"https:\/\/ferienwohnung-berngau.de\/wp-content\/uploads\/2018\/04\/K1024_DSC01819.jpg 1152w, https:\/\/ferienwohnung-berngau.de\/wp-content\/uploads\/2018\/04\/K1024_DSC01819-300x200.jpg 300w, https:\/\/ferienwohnung-berngau.de\/wp-content\/uploads\/2018\/04\/K1024_DSC01819-768x512.jpg 768w, https:\/\/ferienwohnung-berngau.de\/wp-content\/uploads\/2018\/04\/K1024_DSC01819-1024x683.jpg 1024w\" sizes=\"(max-width: 767px) 89vw, (max-width: 1000px) 54vw, (max-width: 1071px) 543px, 580px\" \/><figcaption id=\"caption-attachment-244\" class=\"wp-caption-text\">Blick in das Wohn- Esszimmer<\/figcaption><\/figure>\n<h2>Essbereich<\/h2>\n<ul>\n<li>Tisch<\/li>\n<li>5 St\u00fchle<\/li>\n<\/ul>\n<figure id=\"attachment_234\" aria-describedby=\"caption-attachment-234\" style=\"width: 1152px\" class=\"wp-caption alignnone\"><img decoding=\"async\" class=\"wp-image-234 size-full\" src=\"https:\/\/ferienwohnung-berngau.de\/wp-content\/uploads\/2018\/04\/K1024_DSC01822.jpg\" alt=\"\" width=\"1152\" height=\"768\" srcset=\"https:\/\/ferienwohnung-berngau.de\/wp-content\/uploads\/2018\/04\/K1024_DSC01822.jpg 1152w, https:\/\/ferienwohnung-berngau.de\/wp-content\/uploads\/2018\/04\/K1024_DSC01822-300x200.jpg 300w, https:\/\/ferienwohnung-berngau.de\/wp-content\/uploads\/2018\/04\/K1024_DSC01822-768x512.jpg 768w, https:\/\/ferienwohnung-berngau.de\/wp-content\/uploads\/2018\/04\/K1024_DSC01822-1024x683.jpg 1024w\" sizes=\"(max-width: 767px) 89vw, (max-width: 1000px) 54vw, (max-width: 1071px) 543px, 580px\" \/><figcaption id=\"caption-attachment-234\" class=\"wp-caption-text\">Blick aus dem Wohnbereich auf die K\u00fcchenzeile<\/figcaption><\/figure>\n<h2>K\u00fcchenzeile<\/h2>\n<ul>\n<li>Komplett ausgestattet\n<ul>\n<li>Sp\u00fclmaschine<\/li>\n<li>Kaffeemaschine<\/li>\n<li>Toaster<\/li>\n<li>Microwelle<\/li>\n<li>Wasserkocher<\/li>\n<li>K\u00fchlschrank mit Gefrierfach<\/li>\n<li>Ceranfeld<\/li>\n<li>Herd<\/li>\n<li>Geschirr und T\u00f6pfe<\/li>\n<\/ul>\n<\/li>\n<\/ul>\n<figure id=\"attachment_235\" aria-describedby=\"caption-attachment-235\" style=\"width: 1152px\" class=\"wp-caption alignnone\"><img decoding=\"async\" class=\"wp-image-235 size-full\" src=\"https:\/\/ferienwohnung-berngau.de\/wp-content\/uploads\/2018\/04\/K1024_DSC01830.jpg\" alt=\"\" width=\"1152\" height=\"768\" srcset=\"https:\/\/ferienwohnung-berngau.de\/wp-content\/uploads\/2018\/04\/K1024_DSC01830.jpg 1152w, https:\/\/ferienwohnung-berngau.de\/wp-content\/uploads\/2018\/04\/K1024_DSC01830-300x200.jpg 300w, https:\/\/ferienwohnung-berngau.de\/wp-content\/uploads\/2018\/04\/K1024_DSC01830-768x512.jpg 768w, https:\/\/ferienwohnung-berngau.de\/wp-content\/uploads\/2018\/04\/K1024_DSC01830-1024x683.jpg 1024w\" sizes=\"(max-width: 767px) 89vw, (max-width: 1000px) 54vw, (max-width: 1071px) 543px, 580px\" \/><figcaption id=\"caption-attachment-235\" class=\"wp-caption-text\">Blick auf die volleingerichtete K\u00fcchenzeile<\/figcaption><\/figure>\n<h2>Bad und WC<\/h2>\n<ul>\n<li>Bodengleiche Dusche<\/li>\n<li>Waschtisch<\/li>\n<li>Hand- und Badet\u00fccher inkl.<\/li>\n<\/ul>\n<figure id=\"attachment_325\" aria-describedby=\"caption-attachment-325\" style=\"width: 345px\" class=\"wp-caption alignnone\"><img decoding=\"async\" class=\" wp-image-325\" src=\"https:\/\/ferienwohnung-berngau.de\/wp-content\/uploads\/2019\/09\/DSC08612_k-200x300.jpg\" alt=\"\" width=\"345\" height=\"518\" srcset=\"https:\/\/ferienwohnung-berngau.de\/wp-content\/uploads\/2019\/09\/DSC08612_k-200x300.jpg 200w, https:\/\/ferienwohnung-berngau.de\/wp-content\/uploads\/2019\/09\/DSC08612_k.jpg 683w\" sizes=\"(max-width: 345px) 100vw, 345px\" \/><figcaption id=\"caption-attachment-325\" class=\"wp-caption-text\">Blick ins Bad mit WC, Waschtisch und &#8230;<\/figcaption><\/figure>\n<figure id=\"attachment_327\" aria-describedby=\"caption-attachment-327\" style=\"width: 345px\" class=\"wp-caption alignnone\"><img decoding=\"async\" class=\"wp-image-327 \" src=\"https:\/\/ferienwohnung-berngau.de\/wp-content\/uploads\/2019\/09\/IMG_4599_K-1-225x300.jpg\" alt=\"\" width=\"345\" height=\"460\" srcset=\"https:\/\/ferienwohnung-berngau.de\/wp-content\/uploads\/2019\/09\/IMG_4599_K-1-225x300.jpg 225w, https:\/\/ferienwohnung-berngau.de\/wp-content\/uploads\/2019\/09\/IMG_4599_K-1.jpg 768w\" sizes=\"(max-width: 345px) 100vw, 345px\" \/><figcaption id=\"caption-attachment-327\" class=\"wp-caption-text\">&#8230; Dusche.<\/figcaption><\/figure>\n","protected":false},"excerpt":{"rendered":"<p>Grundriss: Schlafzimmer 1: Bett 140x200cm Kleiderschrank Nachttisch Bettw\u00e4sche inkl. Schlafzimmer 2: Bett 180x200cm Bett 100x200cm Kleiderschrank Nachttische Bettw\u00e4sche inkl. Babybett bei Bedarf Wohnbereich SAT-TV Sofa, Sessel Essbereich Tisch 5 St\u00fchle K\u00fcchenzeile Komplett ausgestattet Sp\u00fclmaschine Kaffeemaschine Toaster Microwelle Wasserkocher K\u00fchlschrank mit Gefrierfach Ceranfeld Herd Geschirr und T\u00f6pfe Bad und WC Bodengleiche Dusche Waschtisch Hand- und Badet\u00fccher &hellip; <\/p>\n<p class=\"link-more\"><a href=\"https:\/\/ferienwohnung-berngau.de\/index.php\/zimmer\/\" class=\"more-link\"><span class=\"screen-reader-text\">\u201eZimmer\u201c<\/span> weiterlesen<\/a><\/p>\n","protected":false},"author":1,"featured_media":0,"parent":0,"menu_order":0,"comment_status":"closed","ping_status":"closed","template":"","meta":{"footnotes":""},"_links":{"self":[{"href":"https:\/\/ferienwohnung-berngau.de\/index.php\/wp-json\/wp\/v2\/pages\/70"}],"collection":[{"href":"https:\/\/ferienwohnung-berngau.de\/index.php\/wp-json\/wp\/v2\/pages"}],"about":[{"href":"https:\/\/ferienwohnung-berngau.de\/index.php\/wp-json\/wp\/v2\/types\/page"}],"author":[{"embeddable":true,"href":"https:\/\/ferienwohnung-berngau.de\/index.php\/wp-json\/wp\/v2\/users\/1"}],"replies":[{"embeddable":true,"href":"https:\/\/ferienwohnung-berngau.de\/index.php\/wp-json\/wp\/v2\/comments?post=70"}],"version-history":[{"count":6,"href":"https:\/\/ferienwohnung-berngau.de\/index.php\/wp-json\/wp\/v2\/pages\/70\/revisions"}],"predecessor-version":[{"id":332,"href":"https:\/\/ferienwohnung-berngau.de\/index.php\/wp-json\/wp\/v2\/pages\/70\/revisions\/332"}],"wp:attachment":[{"href":"https:\/\/ferienwohnung-berngau.de\/index.php\/wp-json\/wp\/v2\/media?parent=70"}],"curies":[{"name":"wp","href":"https:\/\/api.w.org\/{rel}","templated":true}]}}